alculate the highest common divisor of 96 and j.
24
Suppose -9*t + 147 = 1200. Let s be (-91)/t + 2/9 + 3. Suppose 153 + 167 = s*c. Calculate the greatest common factor of 10 and c.
10
Suppose 10*v = 14*v + 4*y - 716, 0 = -2*y + 6. Calculate the highest common divisor of v and 640.
16
Let c(j) = -2*j**2 + 7*j - 65. Let d(i) = -5*i**2 + 15*i - 129. Let v(s) = 9*c(s) - 4*d(s). Let q be v(9). What is the highest common divisor of 40 and q?
40
Suppose o = 2*p + 2*p + 504, -o + 528 = 2*p. Let k(q) = -2*q**3 - 7*q**2 + 7*q + 25. Let x be k(-5). Calculate the greatest common divisor of x and o.
65
Suppose 3*o = -i + 35, 5*o = 8*o - 15. Calculate the highest common factor of 7690 and i.
10
Let s(j) = 3*j**2 + 4*j - 11. Let f be s(-8). Let o = f - 59. Let n be (179 + 1)*36/o. Calculate the greatest common divisor of n and 18.
18
Suppose 4 + 7 = a. Suppose l - 3*y - a = 0, -3*y = 2 + 1. What is the greatest common factor of l and 568?
8
Let b be (8/1)/((-38)/(-9500)). Calculate the greatest common divisor of b and 240.
80
Suppose 3*l = 7 + 35. Suppose -11*u - 18 = -l*u. Suppose 0 = 2*o + u - 62. Calculate the highest common factor of 28 and o.
28
Suppose 5 = 5*y + 2*s, 6*s + 25 = s. Let l be y/(-2) - (-2883)/62. What is the highest common divisor of l and 135?
45
Let l(p) = 18*p**2 - 13*p - 20. Let a be l(-2). What is the greatest common factor of a and 48?
6
Suppose 9*s + 2066 = 824. Let a = s + 173. Calculate the highest common factor of 455 and a.
35
Suppose t = 7 - 9. Let w be 2 - 4 - t/(-2)*-15. Let p be w/((4 + -3)/1). What is the highest common divisor of 39 and p?
13
Suppose -8*u + 6*u - 18386 = -o, -165537 = -9*o - 3*u. Calculate the highest common factor of o and 456.
152
Let l = 74 + -42. Let r be 0/(-11) + (-1 - l). Let p be -1 + 2 - (-1)/((-3)/r). Calculate the greatest common divisor of p and 4.
4
Let x(p) = -3*p**2 + 499*p + 1389. Let f be x(169). Let w = -174 + 322. What is the highest common divisor of w and f?
37
Let x = -85 - -32. Let h = 101 + x. Let g(w) = 120*w**2 + 2*w + 2. Let d be g(-1). Calculate the highest common factor of h and d.
24
Let y = -2143 + 2215. Calculate the greatest common divisor of 180 and y.
36
Let w = -10360 - -10472. What is the greatest common factor of 119 and w?
7
Suppose 7*i + 16 = 16. Suppose 1096 = 5*b - 4*k - 37, 2*b - 3*k - 456 = i. Calculate the greatest common factor of b and 50.
25
Let m = -14 - -15. Let x = m - 6. Let z(s) = -3*s - 2. Let f be z(x). Calculate the highest common factor of 143 and f.
13
Let o = 235 - 14. Let l = 11076 - 11037. What is the highest common factor of l and o?
13
Let u = 513 + 97. Calculate the greatest common divisor of u and 2684.
122
Let l = 406 - -8393. What is the highest common divisor of l and 21?
21
Let n = 3354 + -3140. Calculate the highest common divisor of 2 and n.
2
Let v be 7360/48*24/5. Calculate the greatest common factor of v and 506.
46
Let s(w) = -135*w - 780. Let c be s(-26). What is the greatest common divisor of c and 15?
15
Let j be ((-29)/10 - (-16)/40)*(-144)/15. What is the highest common divisor of 2508 and j?
12
Let j = 6 - -20. Let u = -23773 + 23812. Calculate the highest common factor of j and u.
13
Let r be 14/((-190)/20 - -13). Let v = -49 - -81. Calculate the highest common divisor of v and r.
4
Let p be -8 + (-104)/884 + (-1704)/(-34). Calculate the highest common divisor of p and 624.
6
Let m be (3 - 5) + 6 - -4. Let l(a) = 41*a**2 + 5*a - 6. Let u be l(2). What is the greatest common divisor of u and m?
8
Suppose -5*u + 53 = -4*o, -5*u - 5*o + 56 = -8*o. Suppose 14*g = 2*k + u*g - 58, 3*g = 5*k - 146. What is the greatest common factor of 182 and k?
14
Suppose -11*x - 1339 = -3297. Calculate the greatest common divisor of x and 29726.
178
Suppose -175*i + 173*i + 294 = s, 4*i + 3*s - 592 = 0. What is the greatest common factor of 1189 and i?
29
Let s be (-98)/(-28) - 27/18. Calculate the highest common divisor of s and 446.
2
Suppose -2*x + 5*u + 9399 = -4133, u - 20298 = -3*x. Calculate the highest common divisor of 34 and x.
34
Suppose 5*i + 3*g - 544 = 0, -3*i + 4*g = 7*g - 324. What is the greatest common factor of 341 and i?
11
Let v(p) = -12*p + 36*p**2 - 11*p**2 + 32 - 18*p**2. Let u be v(5). Calculate the highest common divisor of 49 and u.
49
Suppose 6*q = -9 + 33. Suppose -4*k = q*x - 8, -x = 8 - 7. What is the greatest common divisor of k and 33?
3
Let v = 1 + -2. Let s(p) = p + 2*p + 10*p + 6 + 8*p - 23*p. Let a be s(v). What is the greatest common divisor of 12 and a?
4
Let a(h) = -12*h**3 - 4*h**2 - 11*h - 2. Let c(v) = v**3 - 6*v**2 + 7*v - 13. Let i be c(5). Let k be a(i). Calculate the highest common factor of k and 29.
29
Let d(b) = 6*b**2 + 73*b - 15. Let h be d(-15). What is the greatest common factor of 1395 and h?
15
Let f = 17046 - 16680. Calculate the greatest common factor of f and 8540.
122
Suppose -5*n - 4*g + 792 = 0, -414 - 62 = -3*n - 2*g. Let q = -21 + -19. Let a be (-3)/(-6)*-2*q. Calculate the greatest common factor of n and a.
40
Suppose x - 2110 = 5*b, 6463 = 40*x - 37*x + 4*b. What is the highest common divisor of 132 and x?
33
Suppose 2*u = 4, 32*u - 37*u = -3*n - 4. Let d(t) = 6*t**2 + 4. Let g be d(3). What is the greatest common factor of g and n?
2
Suppose 199*c - 202*c = 18. Let f be 1 + 84*c/(-9). Calculate the greatest common factor of f and 38.
19
Let m(f) = 2*f**3 - 12*f**2 - 75*f + 434. Let w be m(7). What is the highest common factor of 43 and w?
1
Suppose 34*x - 153 = 4*x + 27. What is the greatest common factor of x and 12?
6
Suppose 61*s + 5*c = 66*s - 250, 3*s - 5*c = 160. What is the greatest common factor of 126 and s?
9
Let c(b) = 9*b**2 - 33*b - 35. Let f be c(-22). Calculate the highest common factor of 206 and f.
103
Let g = 25 - 14. Suppose 1848 = -574*f + 595*f. Calculate the greatest common factor of g and f.
11
Let i(z) = 375*z + 2283. Let g be i(12). What is the highest common factor of g and 7?
7
Let u = 7087 + -6891. Calculate the highest common factor of u and 448.
28
Let c be ((-340)/90)/17 + 184/18. Suppose c*h = 2*h + 1400. Calculate the highest common factor of h and 70.
35
Let n(y) = -2*y + 0*y**2 + 0 - 5 - y**2 - 4*y. Let x be n(-1). Suppose 5*v = -4*u + 43, x = 2*u - v - 13 - 26. Calculate the highest common divisor of 34 and u.
17
Let i = -179 + 179. Suppose 10*d - 49 - 11 = i. What is the greatest common factor of 114 and d?
6
Let h(t) = 58*t - 119. Suppose 4*u - 26 = 2*r - 0*r, 2*r + 6 = 0. Let g be h(u). Calculate the greatest common factor of 114 and g.
57
Suppose 0 = 2*d - 176 + 172. Suppose -2*b + 7*b - 100 = 0. Let y = b + d. What is the highest common divisor of y and 33?
11
Let d be (27/6)/(2/16). Let i = 64 - d. Let a be (-10)/((-550)/649) + ((-32)/(-10) - 3). Calculate the greatest common factor of i and a.
4
Suppose 0 = -3*b + 2*o + 7601, -3*b + 12*o = 15*o - 7611. What is the highest common divisor of b and 90?
15
Let g(u) = -u**2 + 7*u - 7. Let f be g(5). Let d(h) = 2*h**2 - 6*h - 4. Let v be d(f). Let m = v + 67. What is the greatest common factor of m and 9?
9
Let y(i) = 226*i**2 - 19*i - 83. Let x be y(-3). What is the highest common factor of 72 and x?
8
Let y(b) = b**3 + 15*b**2 - 17*b - 16. Let c be y(-16). Suppose c = 11*w - 7*w - 140. Let s = w - 24. What is the highest common factor of 55 and s?
11
Suppose 14*b + 40*b = -22*b + 114456. Calculate the greatest common factor of b and 6.
6
Let r(s) = -5*s + 51. Let v be r(7). Suppose 4*j = -4*i + 80, j = -4*i + 5*i + v. Calculate the greatest common factor of 90 and j.
18
Let n be (-158 - 5)/(18 - 19) - -7. What is the highest common factor of n and 323?
17
Let o(n) = -9*n + 7. Suppose 2*j - 24 = -j. Suppose 15 = -3*w - 5*z, -2*w - 2 - j = -4*z. Let i be o(w). What is the highest common divisor of 13 and i?
13
Suppose 0 = -5*g + 4*w + 4473, -3*w - 1349 = 3*g - 4049. Calculate the highest common factor of 414 and g.
69
Suppose -9 = -8*x - 17. Let g be (x - -35) + 0/(1 - -2). What is the greatest common factor of g and 238?
34
Let z be 2/2 + -2 - -65. Let o be 12/18 + z/3. Let l be ((198/8)/3)/(243/648). Calculate the greatest common divisor of l and o.
22
Suppose 5*a = -2*m + 79 - 9, 2*a + 5*m - 28 = 0. Suppose 3570 = 7*j + a*j. Calculate the greatest common divisor of j and 10.
10
Suppos